ue
Let k = -4180 + 6149. Is k a composite number?
True
Let b be (-6)/(-9)*(2 - -1). Is b*(-1 - 705/(-6)) composite?
False
Let r(b) = b**3 + 17*b**2 - 26*b - 15. Let w be r(-19). Let g = -137 - w. Is g composite?
True
Let g = 1646 - -1233. Is g a prime number?
True
Suppose -5*w + 3*v + 769 = 0, w - 4*v - 7 = 157. Let x = w - 58. Is x a composite number?
True
Let l be (-6)/(-12)*(0 - -4). Suppose -4*k - 2*w = -14, k - 7 = -2*w - l*w. Let p(s) = 2*s**3 - 4*s**2 + 5*s - 2. Is p(k) a prime number?
True
Suppose 17*z - 9 = 14*z. Suppose -6340 = z*f - 7*f. Is f a prime number?
False
Let n = -22 - -32. Suppose -m + n = -3*m + 4*a, 0 = -5*m + a + 11. Suppose 2*l + 51 = -s + 182, 4*s - m*l - 502 = 0. Is s a composite number?
False
Suppose 3*u + 2*t - 55 + 0 = 0, -10 = -2*t. Suppose 0 = -p + 4*x + 11, -p - p = -x - 29. Is 9/p + 14556/u composite?
False
Let x = -37 - -69. Suppose 5*m - 2*o - 10 = 0, -3*o = 3*m - x + 5. Suppose 2*z + 91 = 2*b - 75, -m*b + 3*z + 328 = 0. Is b prime?
True
Let n(m) = -m**3 - 2*m**2 + 5*m - 7. Let d(f) = -4*f**2 + 4*f + 7*f**2 + 7 - 3 + f**3. Let q be d(-3). Is n(q) prime?
True
Let b = -622 - -1050. Let m = 29 + b. Is m prime?
True
Let o = -710 - -285. Let v = o - -732. Is v composite?
False
Is (40/18 - 2) + (-363462)/(-54) a composite number?
True
Is (-551178)/(-15) + (-36)/180 prime?
False
Suppose q - 5*u = 38595, u + 28 = 26. Is q a prime number?
False
Let u(o) = -o**2 - 7*o + 9. Let d be u(-6). Suppose h + g = 1, 2*h - g = -h + d. Suppose 75 = 5*k + 2*y, -h*k = k + 5*y - 90. Is k composite?
False
Is (-762)/(-4)*18/27 a prime number?
True
Is 60706/12 - (-24)/144 a prime number?
True
Let c be 45/60 + 77/4. Suppose -4*x - 4*m = c, 6*x = x + 2*m - 32. Is (-12)/8*956/x composite?
False
Let i be 6/(-4)*-1*2. Suppose 0 = i*r - 3 - 0. Is 1650/(2 + r) - -1 a composite number?
True
Suppose -2*r - 3*r + 25 = 0, -4*m - 1887 = 5*r. Let g = m - -965. Is g a prime number?
True
Let b(y) = 311*y - 18. Is b(1) a prime number?
True
Let a(m) = 175*m + 4. Suppose 9 = -3*n + 4*n. Is a(n) prime?
True
Let s(b) be the second derivative of -b**5/20 + b**4/6 + b**3/2 + b**2/2 + b. Let x be s(3). Is (3 + -25)*x/(-2) a prime number?
True
Let t be (-21)/35 - (-39)/15. Let d be ((-2)/(-2))/(t/(-4)). Is 1/((-1191)/597 - d) composite?
False
Suppose 1784 = 57*g - 53*g. Is g composite?
True
Suppose 6 = 2*y, -2*s + y + 196 + 547 = 0. Is s a composite number?
False
Let m = -16 + 18. Let z = -488 + 915. Suppose -m*x + 882 = -2*u + u, 0 = x - 4*u - z. Is x composite?
False
Is 1/((-18)/(-27))*5206/3 composite?
True
Suppose 18*w = -3*w + 441021. Is w a prime number?
True
Let h be (-86)/(-6) + 6/9. Is (-6)/h - (-29181)/15 composite?
True
Let s = -1512 - -214. Let j(m) = m**3 - 16*m**2 - 40*m + 25. Let z be j(14). Let b = z - s. Is b a prime number?
False
Suppose -2*m - 128 = 2*p, 5*m + p = -0*p - 340. Let i = 20 - m. Is i composite?
False
Let t(x) = -x**3 - 8*x**2 + 8*x - 1. Let w be t(-9). Let m(g) = 23*g - 7. Let u be m(w). Let i = 260 - u. Is i composite?
False
Let b be 1034 + 0 + (34 - 31). Suppose b = 3*f - 1426. Is f prime?
True
Let j = -107 - -135. Suppose 2*t = -4*p + 382, j + 60 = p - 2*t. Is p composite?
True
Let k(b) = b**2 + 9*b - 17. Let h be k(-11). Suppose 0 = -4*g - 2*i - i + 137, -5 = h*i. Is g composite?
True
Suppose 0 = 3*z - 2*g - 17857, 0 = -z - 90*g + 92*g + 5955. Is z composite?
True
Let g(p) = 13*p**2 - 36*p - 147. Is g(-30) a composite number?
True
Let v(j) = 62*j**2 + 19*j + 12. Is v(5) a prime number?
True
Let c(p) = 303*p**2 - 7*p - 99. Is c(-8) prime?
False
Suppose 484 = p + 3024. Let d = -1519 - p. Suppose -1338 = -2*c - 4*w, -c - 4*w + d - 360 = 0. Is c prime?
True
Let i(g) = -g**2 + g - 1. Let j(z) = -5*z - 1. Let v(r) = -4*i(r) - j(r). Let y be v(-5). Suppose -4*o + y + 1848 = 0. Is o a composite number?
False
Let k = 8637 - -1548. Suppose 4*d - k = 5*t, 2*d - 5*t - 3781 = 1314. Is d a prime number?
False
Let t(p) = 28*p**2 - 48*p + 106. Is t(17) prime?
False
Suppose 0 = -5*i + 3507 + 1168. Let x = i - 604. Is x a prime number?
True
Let v = -201 + 321. Suppose 4*r = -0*r + v. Let h = r + 49. Is h prime?
True
Let u = -2432 + 4827. Is u a composite number?
True
Let y = 5172 - -37877. Is y a composite number?
False
Suppose 22 + 14 = -3*t. Let s = 17 + t. Let m = 290 + s. Is m prime?
False
Suppose 7*x - 8803 - 18140 = 0. Is x prime?
False
Let v(c) = 15*c**2 + 15*c. Let w(p) = -p**3 - p**2 - 1. Let f(u) = v(u) + w(u). Let j be f(15). Is 12 - (0 + 3 + j) prime?
False
Let r = 11 - 8. Suppose -r*d + 5*l = 9, -d + 2*l = 3*d - 2. Is -1 - (-1206)/(d - -1) a prime number?
True
Suppose -12480 = -6*z + 3*z - c, -z = 3*c - 4168. Is z prime?
True
Let j be 1/4 + (-2046)/(-8). Suppose 0 = 5*w + 2*r - 4234 - 1626, r + 4675 = 4*w. Suppose 0 = -3*u - 3*x + 1071, -3*x + w = 4*u - j. Is u a composite number?
True
Let x be 5/((-5)/4) + 1262. Is (-10)/30 - x/(-3) a composite number?
False
Let t(w) = 10518*w**2 + 4*w - 3. Is t(1) a composite number?
True
Let y = -1 - -1. Suppose y = -23*g + 22*g + 113. Is g prime?
True
Let g be (-405)/18*4/2. Let k = 119 + g. Suppose k = 4*b - 3*b. Is b a composite number?
True
Suppose -4*t = 0, -6*l - 3*t = -l. Suppose -4*w - 313 + 10397 = l. Is w prime?
True
Suppose 6 = 3*y - 3. Let x(m) = 9*m - 4*m**3 + 3 - 13*m**2 + 5*m + 3*m**y + 0. Is x(-14) prime?
True
Let j = -56 + 69. Let q(h) = -h**3 + 18*h**2 + 5*h + 27. Is q(j) a composite number?
False
Let u be (-364)/(-39) + 2/3. Suppose -3*m - 26 = -3*x - 212, -u = -2*x. Is m a composite number?
False
Let x = 1235 - -1224. Is x prime?
True
Suppose -3*u - 4*r = -3915, 5*u - r - 6496 = 2*r. Suppose -3*q = -u - 808. Is q a composite number?
True
Let n(u) = 27*u + 7. Suppose -4*a + 30 = 2*f, 60 = 3*f + 3*a - 0*a. Let y = f + -13. Is n(y) prime?
True
Let l(r) = 6*r**2 - 21*r - 13. Let d be l(-10). Let p = d + -114. Is p a composite number?
False
Suppose 24*d - 29*d - 890 = 0. Let m = 37 - d. Is m composite?
True
Let f = -60 + 142. Let j = f + -46. Suppose -409 = -5*g + j. Is g prime?
True
Suppose -2*i - 5*m = 3*i - 35165, 14069 = 2*i + 3*m. Let c = i - 3191. Is c prime?
False
Let r = 370 + 1029. Is r prime?
True
Let w(n) = 2*n + 17. Let z be w(-6). Let x(p) = 5*p**3 - 8*p**2 + 4*p. Is x(z) a composite number?
True
Suppose -2 = -5*l + 28. Let w(d) = -3*d + 33 - 20 + l*d. Is w(10) composite?
False
Suppose -563*n = -564*n + 17287. Is n prime?
False
Suppose -5*c + 35430 = -34*k + 39*k, 4*k + c = 28359. Is k a composite number?
True
Is 28/(-49) + 34031/7 a prime number?
True
Let p(o) = 8413*o**2 - 5*o - 3. Is p(-5) a prime number?
True
Suppose 0 = -2*y + 4*y - 2. Let r = 20 - y. Is r composite?
False
Let m(y) = 33*y**2 + 2*y - 1. Suppose 5*l + 0 - 10 = 0. Suppose 5*i = 3*p - 19, i + 4*i = l*p - 16. Is m(i) a composite number?
False
Let r(d) = 12*d**2 - 9*d + 1. Let k be r(5). Let c = k - -423. Is c prime?
False
Let h be (-2 - -1) + -1 + 4. Suppose 5*y = -4*g + 168, 3*y = h*g + 2*g - 200. Suppose -715 = -2*i + g. Is i prime?
False
Suppose 33*k + 3010 = 38*k. Let i = k - 183. Is i prime?
True
Let t = 22 + -15. Let q(y) = -y**3 + 13*y**2 - 5*y - 8. Is q(t) composite?
False
Suppose -5*z + 4*b = 90, 5*z + 2*b + 55 = -b. Let o = 19 + z. Suppose 4*i + 4*y - 1024 = 0, -y = o*i + y - 1271. Is i a composite number?
True
Let j = -582 + 1248. Suppose -2*w - 1651 = -5*c, 2*c + 2*w - j = -0*c. Is c a prime number?
True
Suppose -15 = -3*u, -x - 3*x + 93 = u. Suppose 0 = y - 2*y + x. Is y a prime number?
False
Suppose -2*t - 3*t - 110 = 0. Let c = 7 + -4. Is -3 + t*(-30)/c composite?
True
Let i(o) = -o**3 - 10*o**2 - 10*o + 10. Let v(j) = 2*j + 11. Let s = -21 + 11. Let y be v(s). Is i(y) prime?
True
Let u = -16792 - -23895. Is u prime?
True
Let y(p) = p - 11. Let d be y(5). Is 43 + d + (-1 - -1) prime?
True
Let o = -10 - -72. Let j be (-3 + (-98)/(-4))*(3 - -3). Let y = j - o. Is y composite?
False
Let l be -3*((-4)/6)/(10/15). Suppose l*r = -0*r + 4413. Is r a prime number?
True
Let p = 480 + -331. Suppose -384 = 4*a - 4*w, 0 = -0*a - a + 2*w - 98. Let j = p + a. Is j composite?
True
Let w(t) be the first derivative of -5*t**2 + 5*t + 3. Let j be w(-4). Is (-4)/10 + 1503/j composite?
True
Let i be 260/(-3) + 1/(-3). Suppose 2*z + 99 = -23. Let t = z - i. Is t a composite number?
True
Let u be 17